digit of w?
1
Let z(p) = 28*p**2 - 199*p - 5210. What is the hundreds digit of z(-32)?
8
Let j(f) = -42*f**3 - 5*f**2 - f + 4. Let m(l) = 2*l**2 - 39*l - 113. Let a be m(22). What is the units digit of j(a)?
6
Let v(q) = 18*q + 31. Let c(s) = 19*s + 32. Let t(g) = -4*c(g) + 5*v(g). Let a be t(-13). Let b = a + 231. What is the tens digit of b?
7
Let r(d) = -d**2 - 13*d + 2. Let q be r(-13). Let c be (-4)/((8 + -4)/(-4 + q)). Suppose -3*g + h = -222, -2*g + 42 = -c*h - 102. What is the units digit of g?
5
Let g(v) = -5*v - 15. Let x be g(-4). Suppose -f = 0, k = -2*f + x*f + 13. Suppose -9*n - 696 = -k*n. What is the tens digit of n?
7
Suppose -173538 = -44*a + 69298. What is the hundreds digit of a?
5
What is the hundreds digit of (467/7 - 3)/(7/49)?
4
Suppose 0*g + n - 93 = -2*g, -3*n = 5*g - 233. Let d = g + -46. Suppose d = -0*k - 2*k + 92. What is the units digit of k?
6
Let n(l) = -l**3 - 4*l**2 + 2*l - 12. Let o be ((-85)/(-15) - 4)*3/1. Let v = 0 - o. What is the units digit of n(v)?
3
Suppose -952 = 2*b - 2*d, -2*d + 3*d = 0. Let z = b + 1521. What is the hundreds digit of z?
0
Suppose -115*o + 1940070 = 3*o - 8*o. What is the tens digit of o?
3
Let d(p) = 49*p - 40. Let f(l) = -25*l + 20. Let j(g) = 25*g - 20. Let q(h) = 5*f(h) + 4*j(h). Let t(c) = 6*d(c) + 11*q(c). What is the tens digit of t(5)?
7
Let z(g) = -26*g**2 - 115*g - 28. Let v(i) = -9*i**2 - 38*i - 9. Let x(w) = 17*v(w) - 6*z(w). What is the units digit of x(-21)?
4
Suppose 411104*d - 411107*d + 6615 = 0. What is the thousands digit of d?
2
Suppose 5456580 + 10932483 = 387*u. What is the tens digit of u?
4
Suppose -36*k - 16 = -40*k. Let n(l) = -l**3 + 8*l**2 - 7*l + 7. What is the units digit of n(k)?
3
Suppose -5*m = -4*i + 134, -2*i = -3*m + 8*m + 158. What is the hundreds digit of (-6)/20 - 3099/m?
1
Suppose -3*n = -2*n - 233. Suppose 0 = -2*b - b + 2*p + 146, -n = -4*b - 5*p. What is the tens digit of 4/26 - (-3164)/b?
6
Let l(d) = -304*d + 126. Let a be l(-6). Suppose a - 6182 = -8*m. What is the hundreds digit of m?
5
Let s(r) = r**3 - 3*r**2 - 27*r - 1. Let i be s(-4). Let f(w) = -6*w**3 - 4*w**2 - 4*w - 14. What is the units digit of f(i)?
6
Let m(v) = -33*v**3 + v. Let t be m(1). Let c be (-17)/34*(8 + 8). What is the tens digit of (-183)/(-4) + c/t?
4
Suppose -3*c + 0*i + 4*i = -41300, -c = 4*i - 13740. What is the hundreds digit of c/28 + 12/(-28)?
4
Let h(o) = o**3 - o**2 - o - 44. Let z be h(0). Let n = z + 278. What is the tens digit of n?
3
Let i = -288 - -483. Suppose 2*v - 3*v - 3*w + i = 0, -2*v + 4*w = -440. What is the hundreds digit of v?
2
Let t(d) = -89*d - 277. Let b be t(-3). Let q = -31 - -46. What is the tens digit of 38*(q/b)/(-3)?
1
Suppose -30*m + 5938917 = 102*m + 41*m. What is the thousands digit of m?
4
Let z = -13 + -421. Let f = 811 + z. What is the hundreds digit of f?
3
Let r = -41 - -34. Let f be 10/35 + (-61)/r. Let v = f - -75. What is the tens digit of v?
8
Let q(w) = -622*w + 2292. What is the thousands digit of q(-55)?
6
Let d(n) = -n**2 - 2*n + 6. Let c be d(-3). Let h be c/1 - ((0 - -1) + -1). Suppose o = 5*r - 53 - 163, h*r - 120 = 3*o. What is the units digit of r?
4
Suppose 0 = 15*d - 20*d. Suppose -3*l + 23 - 17 = d. Suppose -l*m + m = -103. What is the tens digit of m?
0
Let x(u) = 426*u**3 + 32*u**2 - 3*u - 4. What is the ten thousands digit of x(3)?
1
Let a = -8509 + 36202. What is the units digit of a?
3
Let f(d) = 4*d**2 + 4*d + 7. Let t(k) = -k**2 - 7*k + 5. Let j be t(-8). Let c be f(j). Let q = 19 + c. What is the tens digit of q?
5
Suppose 0 = 171*o - 140*o - 198586. What is the thousands digit of o?
6
Let g be 50/(-425) + 8/68. Suppose -32 = -4*r - 4. Suppose g = -r*h + 829 + 144. What is the tens digit of h?
3
Let b(v) be the second derivative of v**5/20 - v**4/6 + v**2 + 7*v + 191. Suppose -10 + 30 = 5*x. What is the units digit of b(x)?
4
Let j(u) = -137*u - 86. What is the tens digit of j(-5)?
9
Suppose 5*m - 189220 = -4*w, -245486 = -5*w + 3*m - 8961. What is the units digit of w?
5
Let p(l) = -l**3 + 66*l**2 - 9*l - 195. What is the units digit of p(59)?
1
Let h(k) = -k**2 + k + 153. Let r be (3 - (-3)/(-1))/4. Let d be h(r). Let t = d + -42. What is the tens digit of t?
1
Let b = -20210 + 23542. What is the hundreds digit of b?
3
Suppose v + 2405 = s, -20*s + 16*s = v - 9635. What is the thousands digit of s?
2
Let n = -53 + 53. Suppose -b = o - 1 - 3, -4*b + 2*o + 22 = n. Suppose -5*z = c - 42, b*c + 2*z + 2*z - 252 = 0. What is the tens digit of c?
5
Let w(k) = -3*k - 18. Let z be w(-7). Suppose 87 = -0*a + a + z*s, a - 47 = 5*s. Suppose 0 = -3*m - m + a. What is the tens digit of m?
1
Let j = -414 - -550. What is the units digit of 6 + 17/(j/1312)?
0
Let j = -14 - -19. Suppose -358 = -d + 3*b - 2*b, -3*b = -j*d + 1796. What is the units digit of d?
1
Suppose -9630 = -31*b + 28*b - 3*z, -z - 9622 = -3*b. What is the hundreds digit of b?
2
Let u(v) = 41*v - 68. Let d be u(6). Suppose 2*a + 2*l = -2*l + d, 4*a + 3*l = 336. What is the units digit of a?
1
Suppose -259*w + 238*w = -299124. What is the hundreds digit of w?
2
Suppose 0 = -4076*k + 4058*k + 463590. What is the hundreds digit of k?
7
Let r = 1945 + -1344. Let n = -556 + r. What is the tens digit of n?
4
Suppose 5*c - 106195 = -5*k, -5*c + 160322 = 2*k + 54124. What is the hundreds digit of c?
2
Suppose 57*b = 34*b + 1380. What is the tens digit of 36/b - (-4164)/10?
1
Let a(q) be the second derivative of q**5/20 + 7*q**4/3 - 11*q**3/2 + 25*q**2 + 7*q + 2. What is the tens digit of a(-28)?
7
Let h(b) = -89*b**2 - 32*b + 4. Let i be h(-3). What is the units digit of (-5 + i/5)*(-20)/8?
3
Suppose -4*i + 4*w + 47928 = 0, -2*w - 64799 + 4892 = -5*i. What is the units digit of i?
1
Suppose 12*g = -638 - 718. Let w = g + 58. Let y = w - -250. What is the tens digit of y?
9
Suppose k = 3*n + 28602, -21399 = -2*k + 4*n + 35789. What is the tens digit of k?
7
Suppose -24*h - 5*a - 855 = -20*h, -5*h - 1074 = a. Let q(r) = 83*r + 4. Let o be q(4). Let f = o + h. What is the hundreds digit of f?
1
Let t(h) = 38*h**2 - 832. What is the hundreds digit of t(-28)?
9
Suppose 0 = -42*z + 5*z + 591741. What is the tens digit of z?
9
Suppose -3*b - 3*k = 369, 12 + 510 = -4*b + 2*k. Let d = b - -9. Let t = d - -296. What is the hundreds digit of t?
1
Suppose 94 = 3*k - 122. Suppose 165 = -15*x + 10*x. Let r = k + x. What is the tens digit of r?
3
Let a(n) = -5*n + 90. Let v(d) = d**2 + 31*d - 25. Let b be v(-32). What is the tens digit of a(b)?
5
Let y = 11622 - -585. What is the tens digit of y?
0
What is the hundreds digit of 83679/27*3 + (-26)/39?
2
Let g(u) be the second derivative of u**3/6 - 7*u**2 - 120*u + 1. Let n = 5 - -13. What is the units digit of g(n)?
4
Suppose r + 12 = 4*r, 0 = 5*t - 4*r - 19. Let g(h) = 21*h + 91. What is the tens digit of g(t)?
3
What is the thousands digit of (21/105)/((-7)/21) + 31473/5?
6
Let o be (1/(-5) + 1)/(46/575). Let l(d) = -d**3 + 9*d**2 + 5*d + 22. Let x be l(o). Let k = x + 40. What is the units digit of k?
2
Let i(p) = 3538*p**2 + 4*p + 5. What is the hundreds digit of i(-1)?
5
Let u(l) = -204*l + 1694. What is the units digit of u(-9)?
0
Let h(p) = 107*p + 3. Let s be h(2). Let o = 107 - s. Let k = o + 180. What is the tens digit of k?
7
Suppose 20 = -4*b + 9*b. Suppose 2*v - b = -5*h, v + 8 = 5*v. Suppose 2*i + 2*i - 3*m - 263 = 0, h = -5*i - m + 343. What is the tens digit of i?
6
Let g be (-56)/(-6)*600/175. Suppose 1265 = -g*w + 37*w. What is the tens digit of w?
5
Suppose 25*i - 21 = 22*i. Suppose 153 + 463 = i*f. What is the units digit of f?
8
Let x(o) = -17*o + 106. Let y be x(6). Suppose 5*q + 181 - 1149 = -3*k, -y*k + 1300 = 2*q. What is the tens digit of k?
2
Let n = 34668 - 22231. What is the hundreds digit of n?
4
Let k = 199 + -192. Suppose 2*u + k*o = 2*o + 2447, o = -3*u + 3690. What is the units digit of u?
1
Suppose -14*m + 6*m + 72 = 0. Suppose 4*l = m - 1. Suppose 245 = 7*f - l*f. What is the tens digit of f?
4
Suppose -18312 = 5*m + 7*m. Let s = -1011 - m. What is the units digit of s?
5
Let c(k) = 7*k + 3. Let w(h) = -h**2 + 35*h + 15. Let t(d) = -11*c(d) + 2*w(d). Let a(o) be the first derivative of t(o). What is the units digit of a(-4)?
9
Let n be 324/(-108) - (-1)/(2/(-96)). What is the u